{"id":5,"date":"2017-01-30T09:10:13","date_gmt":"2017-01-30T09:10:13","guid":{"rendered":"http:\/\/localhost\/newhome\/?page_id=5"},"modified":"2023-10-30T19:10:25","modified_gmt":"2023-10-30T18:10:25","slug":"property-slider","status":"publish","type":"page","link":"https:\/\/lex-dd.com\/immo\/","title":{"rendered":"Accueil &#8211; immo"},"content":{"rendered":"<section class=\"wpb-content-wrapper\"><p>[vc_row full_width=&#8221;stretch_row_content_no_spaces&#8221; css=&#8221;.vc_custom_1485891843038{margin-bottom: 24px !important;}&#8221;][vc_column]\r\n    <div\r\n                    class=\"myhome-property-slider myhome-property-slider--default swiper-container\" style=\"opacity: 0;\"\r\n            >\r\n\r\n        <div class=\"swiper-wrapper\">\r\n                            <a\r\n                        href=\"https:\/\/lex-dd.com\/immo\/biens\/appartment\/abidjan-cocody-angre-8ieme-tranche\/vente-de-8-appartements-de-2-pieces-a-cocody-angre-8ieme-tranche-prix-attractif-de-45-000-000f-cfa-appartement\/\"\r\n                        class=\"swiper-slide\"\r\n                >\r\n                                            <img\r\n                                src=\"https:\/\/lex-dd.com\/immo\/wp-content\/uploads\/sites\/3\/2024\/09\/WhatsApp-Image-2024-09-25-a-11.51.26_e9de99b7.jpg\"\r\n                                alt=\"Vente de 8 appartements de 2 pi\u00e8ces \u00e0 Cocody, Angr\u00e9 8i\u00e8me Tranche, prix attractif de 45 000 000F CFA\/appartement.\"\r\n                        >\r\n                    \r\n                                            <div class=\"mh-slider__card-default-wrapper\">\r\n                            <div class=\"mh-layout\">\r\n                                <div class=\"mh-slider__card-default\">\r\n                                    <h3 class=\"mh-slider__card-default__heading\">\r\n                                        Vente de 8 appartements de 2 pi\u00e8ces \u00e0 Cocody, Angr\u00e9 8i\u00e8me Tranche, prix attractif de 45 000 000F CFA\/appartement.                                    <\/h3>\r\n\r\n                                    <div class=\"position-relative\">\r\n                                        \r\n                                                                                    \r\n                                            <div class=\"mh-slider__card-default__price\">\r\n                                                                                                    <div\r\n                                                                                                            >\r\n                                                        45.000.000F CFA                                                    <\/div>\r\n                                                                                            <\/div>\r\n                                                                            <\/div>\r\n                                <\/div>\r\n                            <\/div>\r\n                        <\/div>\r\n                                    <\/a>\r\n                            <a\r\n                        href=\"https:\/\/lex-dd.com\/immo\/biens\/villas_basses\/bassam\/a-louer-villa-de-5-ppieces-situe-a-bassam-quartier-cafop\/\"\r\n                        class=\"swiper-slide\"\r\n                >\r\n                                            <img\r\n                                src=\"https:\/\/lex-dd.com\/immo\/wp-content\/uploads\/sites\/3\/2024\/08\/WhatsApp-Image-2024-08-19-at-16.00.25-1.jpeg\"\r\n                                alt=\"\u00c0 LOUER , VILLA DE 5 PI\u00c8CES SITU\u00c9 \u00c0 BASSAM, QUARTIER CAFOP\"\r\n                        >\r\n                    \r\n                                            <div class=\"mh-slider__card-default-wrapper\">\r\n                            <div class=\"mh-layout\">\r\n                                <div class=\"mh-slider__card-default\">\r\n                                    <h3 class=\"mh-slider__card-default__heading\">\r\n                                        \u00c0 LOUER , VILLA DE 5 PI\u00c8CES SITU\u00c9 \u00c0 BASSAM, QUARTIER CAFOP                                    <\/h3>\r\n\r\n                                    <div class=\"position-relative\">\r\n                                        \r\n                                                                                    \r\n                                            <div class=\"mh-slider__card-default__price\">\r\n                                                                                                    <div\r\n                                                                                                            >\r\n                                                        900.000F CFA \/mois                                                    <\/div>\r\n                                                                                            <\/div>\r\n                                                                            <\/div>\r\n                                <\/div>\r\n                            <\/div>\r\n                        <\/div>\r\n                                    <\/a>\r\n                            <a\r\n                        href=\"https:\/\/lex-dd.com\/immo\/biens\/boutique\/abidjan-cocody-deux-plateaux-rue-des-jardins\/boutique-a-ceder-cocody-deux-plateaux-rue-des-jardins\/\"\r\n                        class=\"swiper-slide\"\r\n                >\r\n                                            <img\r\n                                src=\"https:\/\/lex-dd.com\/immo\/wp-content\/uploads\/sites\/3\/2024\/08\/WhatsApp-Image-2024-08-14-at-21.07.21.jpeg\"\r\n                                alt=\"BOUTIQUE A CEDER - COCODY DEUX PLATEAUX, RUE DES JARDINS\"\r\n                        >\r\n                    \r\n                                            <div class=\"mh-slider__card-default-wrapper\">\r\n                            <div class=\"mh-layout\">\r\n                                <div class=\"mh-slider__card-default\">\r\n                                    <h3 class=\"mh-slider__card-default__heading\">\r\n                                        BOUTIQUE A CEDER - COCODY DEUX PLATEAUX, RUE DES JARDINS                                    <\/h3>\r\n\r\n                                    <div class=\"position-relative\">\r\n                                        \r\n                                                                                    \r\n                                            <div class=\"mh-slider__card-default__price\">\r\n                                                                                                    <div\r\n                                                                                                            >\r\n                                                        1.500.000F CFA \/mois                                                    <\/div>\r\n                                                                                            <\/div>\r\n                                                                            <\/div>\r\n                                <\/div>\r\n                            <\/div>\r\n                        <\/div>\r\n                                    <\/a>\r\n                            <a\r\n                        href=\"https:\/\/lex-dd.com\/immo\/biens\/duplex\/cocody-riviera-mbadon\/duplex-de-6-pieces-a-louer-situe-cocody-riviera-mbadon\/\"\r\n                        class=\"swiper-slide\"\r\n                >\r\n                                            <img\r\n                                src=\"https:\/\/lex-dd.com\/immo\/wp-content\/uploads\/sites\/3\/2024\/07\/WhatsApp-Image-2024-06-25-a-18.57.53_00d13f18.jpg\"\r\n                                alt=\"Duplex de 6 pi\u00e8ces \u00e0 louer, situ\u00e9 Cocody Rivi\u00e9ra M&#039;Badon\"\r\n                        >\r\n                    \r\n                                            <div class=\"mh-slider__card-default-wrapper\">\r\n                            <div class=\"mh-layout\">\r\n                                <div class=\"mh-slider__card-default\">\r\n                                    <h3 class=\"mh-slider__card-default__heading\">\r\n                                        Duplex de 6 pi\u00e8ces \u00e0 louer, situ\u00e9 Cocody Rivi\u00e9ra M&#039;Badon                                    <\/h3>\r\n\r\n                                    <div class=\"position-relative\">\r\n                                        \r\n                                                                                    \r\n                                            <div class=\"mh-slider__card-default__price\">\r\n                                                                                                    <div\r\n                                                                                                            >\r\n                                                        1.500.000F CFA \/mois                                                    <\/div>\r\n                                                                                            <\/div>\r\n                                                                            <\/div>\r\n                                <\/div>\r\n                            <\/div>\r\n                        <\/div>\r\n                                    <\/a>\r\n                    <\/div>\r\n\r\n        <div class=\"swiper-pagination\"><\/div>\r\n\r\n        <div class=\"swiper-button-prev\"><\/div>\r\n        <div class=\"swiper-button-next\"><\/div>\r\n    <\/div>\r\n\r\n    <div class=\"mh-slider__extra-content\">\r\n        \t\t<listing-grid\r\n\t\t\tid=\"myhome-listing-grid\"\r\n\t\t\tclass=\"\"\r\n\t\t\tconfig-key='MyHomeListing1778998167'\r\n\t\t>\r\n\t\t\t\t\t<\/listing-grid>\r\n\t\t    <\/div>\r\n[\/vc_column][\/vc_row][vc_row full_width=&#8221;stretch_row&#8221; css=&#8221;.vc_custom_1532177424151{background-image: url(https:\/\/myhometheme.net\/agent\/wp-content\/uploads\/2018\/07\/inside-whiter.jpg?id=3341) !important;background-position: center !important;background-repeat: no-repeat !important;background-size: cover !important;}&#8221;][vc_column css=&#8221;.vc_custom_1487058892069{padding-top: 39px !important;padding-bottom: 24px !important;}&#8221;]<div class=\" \">\r\n\t\r\n        <div class=\"mh-heading-wrapper\">\r\n            <h2            class=\"mh-heading  mh-heading--bottom-separator   \"\r\n            style=\"font-weight:700;\">\r\n\t\t\tTemoignages de nos clients        <\/h2>\r\n\r\n\t\t    <\/div>\r\n\r\n\t<\/div>\t<div class=\"owl-carousel owl-carousel--visible-1  mh-testimonials--dark mh-testimonials--standard\">\r\n\t\t\t\t\t<div class=\"item\">\r\n\t\t\t\t<article class=\"mh-testimonial\">\r\n\t\t\t\t\t<div class=\"mh-testimonial__inner\">\r\n\t\t\t\t\t\t<blockquote class=\"mh-testimonial__text\">\r\n\t\t\t\t\t\t\t<p>Entr\u00e9prise sinc\u00e8re, fiable et surtout efficace. J&#8217;aime vraiment les diff\u00e9rentes prestations de LEX &amp; DD.<\/p>\n\t\t\t\t\t\t<\/blockquote>\r\n\t\t\t\t\t\t<div class=\"mh-testimonial__photo\">\r\n\t\t\t\t\t\t\t\t\t<img\r\n\t\t\t\t\t\t\tdata-srcset=\"https:\/\/lex-dd.com\/immo\/wp-content\/uploads\/sites\/3\/2017\/02\/close-up-delivery-person-after-leaving-parcel-client-100x100.jpg 100w, https:\/\/lex-dd.com\/immo\/wp-content\/uploads\/sites\/3\/2017\/02\/close-up-delivery-person-after-leaving-parcel-client-150x150.jpg 150w, https:\/\/lex-dd.com\/immo\/wp-content\/uploads\/sites\/3\/2017\/02\/close-up-delivery-person-after-leaving-parcel-client-400x400.jpg 400w, https:\/\/lex-dd.com\/immo\/wp-content\/uploads\/sites\/3\/2017\/02\/close-up-delivery-person-after-leaving-parcel-client-200x200.jpg 200w\"\r\n\t\t\t\tclass=\"lazyload \"\r\n\t\t\t\tdata-sizes=\"auto\"\r\n\t\t\t\t\t\talt=\"Edmond Zokou\"\r\n\t\t>\r\n\t\t\t\t\t\t\t\t<\/div>\r\n\r\n\t\t\t\t\t\t\t\t\t\t\t\t\t<div class=\"mh-testimonial__author-info\">\r\n\t\t\t\t\t\t\t\t\t\t\t\t\t\t\t\t\t<h3 class=\"mh-testimonial__author\">\r\n\t\t\t\t\t\t\t\t\t\tEdmond Zokou\t\t\t\t\t\t\t\t\t<\/h3>\r\n\t\t\t\t\t\t\t\t\r\n\t\t\t\t\t\t\t\t\t\t\t\t\t\t\t\t\t<div class=\"mh-testimonial__occupation\">\r\n\t\t\t\t\t\t\t\t\t\tEntrepreneur\t\t\t\t\t\t\t\t\t<\/div>\r\n\t\t\t\t\t\t\t\t\t\t\t\t\t\t\t<\/div>\r\n\t\t\t\t\t\t\t\t\t\t\t<\/div>\r\n\t\t\t\t<\/article>\r\n\t\t\t<\/div>\r\n\t\t\t\t\t<div class=\"item\">\r\n\t\t\t\t<article class=\"mh-testimonial\">\r\n\t\t\t\t\t<div class=\"mh-testimonial__inner\">\r\n\t\t\t\t\t\t<blockquote class=\"mh-testimonial__text\">\r\n\t\t\t\t\t\t\t<p>LEX &amp; DD\u00a0 fait un travail exceptionnel. J&#8217;aim\u00e9 notre collaboration.<\/p>\n\t\t\t\t\t\t<\/blockquote>\r\n\t\t\t\t\t\t<div class=\"mh-testimonial__photo\">\r\n\t\t\t\t\t\t\t\t\t<img\r\n\t\t\t\t\t\t\tdata-srcset=\"https:\/\/lex-dd.com\/immo\/wp-content\/uploads\/sites\/3\/2017\/02\/female-taxi-driver-paying-attent-100x100.jpg 100w, https:\/\/lex-dd.com\/immo\/wp-content\/uploads\/sites\/3\/2017\/02\/female-taxi-driver-paying-attent-150x150.jpg 150w, https:\/\/lex-dd.com\/immo\/wp-content\/uploads\/sites\/3\/2017\/02\/female-taxi-driver-paying-attent-400x400.jpg 400w, https:\/\/lex-dd.com\/immo\/wp-content\/uploads\/sites\/3\/2017\/02\/female-taxi-driver-paying-attent-200x200.jpg 200w\"\r\n\t\t\t\tclass=\"lazyload \"\r\n\t\t\t\tdata-sizes=\"auto\"\r\n\t\t\t\t\t\talt=\"Orpha L\u00e9once\"\r\n\t\t>\r\n\t\t\t\t\t\t\t\t<\/div>\r\n\r\n\t\t\t\t\t\t\t\t\t\t\t\t\t<div class=\"mh-testimonial__author-info\">\r\n\t\t\t\t\t\t\t\t\t\t\t\t\t\t\t\t\t<h3 class=\"mh-testimonial__author\">\r\n\t\t\t\t\t\t\t\t\t\tOrpha L\u00e9once\t\t\t\t\t\t\t\t\t<\/h3>\r\n\t\t\t\t\t\t\t\t\r\n\t\t\t\t\t\t\t\t\t\t\t\t\t\t\t\t\t<div class=\"mh-testimonial__occupation\">\r\n\t\t\t\t\t\t\t\t\t\tChauffeur professionnel\t\t\t\t\t\t\t\t\t<\/div>\r\n\t\t\t\t\t\t\t\t\t\t\t\t\t\t\t<\/div>\r\n\t\t\t\t\t\t\t\t\t\t\t<\/div>\r\n\t\t\t\t<\/article>\r\n\t\t\t<\/div>\r\n\t\t\t\t\t<div class=\"item\">\r\n\t\t\t\t<article class=\"mh-testimonial\">\r\n\t\t\t\t\t<div class=\"mh-testimonial__inner\">\r\n\t\t\t\t\t\t<blockquote class=\"mh-testimonial__text\">\r\n\t\t\t\t\t\t\t<p>Le professionnalisme de LEX &amp; DD\u00a0 m&#8217;a vraiment impressionn\u00e9.<\/p>\n\t\t\t\t\t\t<\/blockquote>\r\n\t\t\t\t\t\t<div class=\"mh-testimonial__photo\">\r\n\t\t\t\t\t\t\t\t\t<img\r\n\t\t\t\t\t\t\tdata-srcset=\"https:\/\/lex-dd.com\/immo\/wp-content\/uploads\/sites\/3\/2017\/02\/serious-expert-wearing-glasses-reading-document-removebg-preview-100x100.png 100w, https:\/\/lex-dd.com\/immo\/wp-content\/uploads\/sites\/3\/2017\/02\/serious-expert-wearing-glasses-reading-document-removebg-preview-150x150.png 150w, https:\/\/lex-dd.com\/immo\/wp-content\/uploads\/sites\/3\/2017\/02\/serious-expert-wearing-glasses-reading-document-removebg-preview-400x400.png 400w, https:\/\/lex-dd.com\/immo\/wp-content\/uploads\/sites\/3\/2017\/02\/serious-expert-wearing-glasses-reading-document-removebg-preview-200x200.png 200w\"\r\n\t\t\t\tclass=\"lazyload \"\r\n\t\t\t\tdata-sizes=\"auto\"\r\n\t\t\t\t\t\talt=\"Leticia Tour\u00e9\"\r\n\t\t>\r\n\t\t\t\t\t\t\t\t<\/div>\r\n\r\n\t\t\t\t\t\t\t\t\t\t\t\t\t<div class=\"mh-testimonial__author-info\">\r\n\t\t\t\t\t\t\t\t\t\t\t\t\t\t\t\t\t<h3 class=\"mh-testimonial__author\">\r\n\t\t\t\t\t\t\t\t\t\tLeticia Tour\u00e9\t\t\t\t\t\t\t\t\t<\/h3>\r\n\t\t\t\t\t\t\t\t\r\n\t\t\t\t\t\t\t\t\t\t\t\t\t\t\t\t\t<div class=\"mh-testimonial__occupation\">\r\n\t\t\t\t\t\t\t\t\t\tComptable\t\t\t\t\t\t\t\t\t<\/div>\r\n\t\t\t\t\t\t\t\t\t\t\t\t\t\t\t<\/div>\r\n\t\t\t\t\t\t\t\t\t\t\t<\/div>\r\n\t\t\t\t<\/article>\r\n\t\t\t<\/div>\r\n\t\t\t<\/div>\r\n[\/vc_column][\/vc_row][vc_row full_width=&#8221;stretch_row&#8221;][vc_column css=&#8221;.vc_custom_1487058892069{padding-top: 39px !important;padding-bottom: 24px !important;}&#8221;]<div class=\" \">\r\n\t\r\n        <div class=\"mh-heading-wrapper\">\r\n            <h2            class=\"mh-heading  mh-heading--bottom-separator   \"\r\n            style=\"font-weight:700;\">\r\n\t\t\tNos partenaires        <\/h2>\r\n\r\n\t\t    <\/div>\r\n\r\n\t<\/div>\t<div class=\"owl-carousel mh-clients owl-carousel--visible-5  \">\r\n\t\t\t\t\t<div class=\"item\">\r\n\t\t\t\t<div class=\"mh-client\">\r\n\t\t\t\t\t<img width=\"200\" height=\"200\" src=\"https:\/\/lex-dd.com\/immo\/wp-content\/uploads\/sites\/3\/2017\/02\/1654686204165.jpg\" class=\"attachment-full size-full wp-post-image\" alt=\"\" decoding=\"async\" srcset=\"https:\/\/lex-dd.com\/immo\/wp-content\/uploads\/sites\/3\/2017\/02\/1654686204165.jpg 200w, https:\/\/lex-dd.com\/immo\/wp-content\/uploads\/sites\/3\/2017\/02\/1654686204165-150x150.jpg 150w, https:\/\/lex-dd.com\/immo\/wp-content\/uploads\/sites\/3\/2017\/02\/1654686204165-100x100.jpg 100w\" sizes=\"(max-width: 200px) 100vw, 200px\" \/>\t\t\t\t<\/div>\r\n\t\t\t<\/div>\r\n\t\t\t\t\t<div class=\"item\">\r\n\t\t\t\t<div class=\"mh-client\">\r\n\t\t\t\t\t<img width=\"1065\" height=\"1043\" src=\"https:\/\/lex-dd.com\/immo\/wp-content\/uploads\/sites\/3\/2017\/02\/WeChat-Image_20200719094224.jpg\" class=\"attachment-full size-full wp-post-image\" alt=\"\" decoding=\"async\" srcset=\"https:\/\/lex-dd.com\/immo\/wp-content\/uploads\/sites\/3\/2017\/02\/WeChat-Image_20200719094224.jpg 1065w, https:\/\/lex-dd.com\/immo\/wp-content\/uploads\/sites\/3\/2017\/02\/WeChat-Image_20200719094224-300x294.jpg 300w, https:\/\/lex-dd.com\/immo\/wp-content\/uploads\/sites\/3\/2017\/02\/WeChat-Image_20200719094224-1024x1003.jpg 1024w, https:\/\/lex-dd.com\/immo\/wp-content\/uploads\/sites\/3\/2017\/02\/WeChat-Image_20200719094224-768x752.jpg 768w\" sizes=\"(max-width: 1065px) 100vw, 1065px\" \/>\t\t\t\t<\/div>\r\n\t\t\t<\/div>\r\n\t\t\t\t\t<div class=\"item\">\r\n\t\t\t\t<div class=\"mh-client\">\r\n\t\t\t\t\t<img width=\"500\" height=\"500\" src=\"https:\/\/lex-dd.com\/immo\/wp-content\/uploads\/sites\/3\/2017\/02\/preload.jpg\" class=\"attachment-full size-full wp-post-image\" alt=\"\" decoding=\"async\" srcset=\"https:\/\/lex-dd.com\/immo\/wp-content\/uploads\/sites\/3\/2017\/02\/preload.jpg 500w, https:\/\/lex-dd.com\/immo\/wp-content\/uploads\/sites\/3\/2017\/02\/preload-300x300.jpg 300w, https:\/\/lex-dd.com\/immo\/wp-content\/uploads\/sites\/3\/2017\/02\/preload-150x150.jpg 150w, https:\/\/lex-dd.com\/immo\/wp-content\/uploads\/sites\/3\/2017\/02\/preload-400x400.jpg 400w, https:\/\/lex-dd.com\/immo\/wp-content\/uploads\/sites\/3\/2017\/02\/preload-200x200.jpg 200w, https:\/\/lex-dd.com\/immo\/wp-content\/uploads\/sites\/3\/2017\/02\/preload-100x100.jpg 100w\" sizes=\"(max-width: 500px) 100vw, 500px\" \/>\t\t\t\t<\/div>\r\n\t\t\t<\/div>\r\n\t\t\t<\/div>\r\n[\/vc_column][\/vc_row]<\/p>\n<\/section>","protected":false},"excerpt":{"rendered":"<p>[vc_row full_width=&#8221;stretch_row_content_no_spaces&#8221; css=&#8221;.vc_custom_1485891843038{margin-bottom: 24px !important;}&#8221;][vc_column][\/vc_column][\/vc_row][vc_row full_width=&#8221;stretch_row&#8221; css=&#8221;.vc_custom_1532177424151{background-image: url(https:\/\/myhometheme.net\/agent\/wp-content\/uploads\/2018\/07\/inside-whiter.jpg?id=3341) !important;background-position: center !important;background-repeat: no-repeat !important;background-size: cover !important;}&#8221;][vc_column css=&#8221;.vc_custom_1487058892069{padding-top: 39px !important;padding-bottom: 24px !important;}&#8221;][\/vc_column][\/vc_row][vc_row full_width=&#8221;stretch_row&#8221;][vc_column css=&#8221;.vc_custom_1487058892069{padding-top: 39px !important;padding-bottom: 24px !important;}&#8221;][\/vc_column][\/vc_row]<\/p>\n","protected":false},"author":1,"featured_media":1679,"parent":0,"menu_order":0,"comment_status":"closed","ping_status":"closed","template":"page_full-width.php","meta":{"footnotes":"","_joinchat":[]},"acf":[],"_links":{"self":[{"href":"https:\/\/lex-dd.com\/immo\/wp-json\/wp\/v2\/pages\/5"}],"collection":[{"href":"https:\/\/lex-dd.com\/immo\/wp-json\/wp\/v2\/pages"}],"about":[{"href":"https:\/\/lex-dd.com\/immo\/wp-json\/wp\/v2\/types\/page"}],"author":[{"embeddable":true,"href":"https:\/\/lex-dd.com\/immo\/wp-json\/wp\/v2\/users\/1"}],"replies":[{"embeddable":true,"href":"https:\/\/lex-dd.com\/immo\/wp-json\/wp\/v2\/comments?post=5"}],"version-history":[{"count":7,"href":"https:\/\/lex-dd.com\/immo\/wp-json\/wp\/v2\/pages\/5\/revisions"}],"predecessor-version":[{"id":4023,"href":"https:\/\/lex-dd.com\/immo\/wp-json\/wp\/v2\/pages\/5\/revisions\/4023"}],"wp:featuredmedia":[{"embeddable":true,"href":"https:\/\/lex-dd.com\/immo\/wp-json\/wp\/v2\/media\/1679"}],"wp:attachment":[{"href":"https:\/\/lex-dd.com\/immo\/wp-json\/wp\/v2\/media?parent=5"}],"curies":[{"name":"wp","href":"https:\/\/api.w.org\/{rel}","templated":true}]}}