{"id":4062,"date":"2023-10-31T11:20:25","date_gmt":"2023-10-31T10:20:25","guid":{"rendered":"https:\/\/lex-dd.com\/wp\/immo\/?page_id=4062"},"modified":"2023-11-05T21:33:22","modified_gmt":"2023-11-05T20:33:22","slug":"conception-planification","status":"publish","type":"page","link":"https:\/\/lex-dd.com\/immo\/conception-planification\/","title":{"rendered":"CONCEPTION &#038; PLANIFICATION"},"content":{"rendered":"<section class=\"wpb-content-wrapper\"><p>[vc_row full_width=&#8221;stretch_row&#8221; css=&#8221;.vc_custom_1699211874357{background-color: #e5a648 !important;}&#8221;][vc_column css_animation=&#8221;fadeInLeftBig&#8221; css=&#8221;.vc_custom_1698345719555{padding-top: 39px !important;padding-bottom: 24px !important;}&#8221;][vc_row_inner css=&#8221;.vc_custom_1530552194144{margin-right: -6px !important;margin-left: -6px !important;}&#8221;][vc_column_inner width=&#8221;1\/2&#8243; css=&#8221;.vc_custom_1699212116655{padding-right: 6px !important;padding-left: 6px !important;background-position: center !important;background-repeat: no-repeat !important;background-size: cover !important;}&#8221;][vc_column_text]<\/p>\r\n<p>La conception et la planification sont deux \u00e9tapes cl\u00e9s dans le processus de d\u00e9veloppement de projets, qu&#8217;il s&#8217;agisse de construction, d&#8217;urbanisme, de design, ou d&#8217;autres domaines similaires. Elles sont souvent interd\u00e9pendantes mais ont des objectifs et des fonctions distincts selon LEX &amp; DD:<\/p>\r\n<p><strong>1. **Conception**<\/strong> :<br \/>&#8211; La conception est la phase cr\u00e9ative du processus o\u00f9 les id\u00e9es et les concepts sont d\u00e9velopp\u00e9s pour d\u00e9finir la vision globale du projet.<br \/>&#8211; Elle implique la g\u00e9n\u00e9ration d&#8217;id\u00e9es, la cr\u00e9ation de concepts architecturaux ou de design, et la r\u00e9flexion sur la mani\u00e8re dont le projet devrait fonctionner et appara\u00eetre.<br \/>&#8211; Les architectes, les designers, les ing\u00e9nieurs et d&#8217;autres professionnels cr\u00e9atifs travaillent ensemble pour \u00e9laborer des plans, des esquisses, des mod\u00e8les et des maquettes afin de donner vie \u00e0 la vision du projet.<br \/>&#8211; La conception peut \u00e9galement inclure des consid\u00e9rations esth\u00e9tiques, fonctionnelles, environnementales et \u00e9conomiques.<\/p>\r\n<p><strong>2. **Planification**<\/strong> :<br \/>&#8211; La planification est l&#8217;\u00e9tape suivante qui d\u00e9coule de la conception. Une fois que la vision du projet est d\u00e9finie, la planification consiste \u00e0 \u00e9laborer un ensemble de strat\u00e9gies, de calendriers et de d\u00e9tails sp\u00e9cifiques pour r\u00e9aliser cette vision.<br \/>&#8211; Elle comprend des aspects tels que l&#8217;identification des ressources n\u00e9cessaires, l&#8217;allocation du budget, la coordination des \u00e9quipes, l&#8217;obtention des permis et des autorisations, et la cr\u00e9ation de calendriers de travail.<br \/>&#8211; La planification vise \u00e0 assurer que le projet se d\u00e9roule de mani\u00e8re organis\u00e9e, efficace et dans les d\u00e9lais, tout en respectant les contraintes budg\u00e9taires et r\u00e9glementaires.<br \/>&#8211; Les planificateurs peuvent utiliser des outils comme les diagrammes de Gantt, les cartes de projet, et d&#8217;autres techniques de gestion de projet pour g\u00e9rer et suivre le processus.<\/p>\r\n<p>En r\u00e9sum\u00e9, la conception est le processus de cr\u00e9ation de la vision d&#8217;un projet, tandis que la planification est le processus de transformation de cette vision en un plan concret avec des \u00e9tapes d\u00e9finies, des ressources allou\u00e9es et des calendriers \u00e9tablis. Ensemble, la conception et la planification sont essentielles pour la r\u00e9ussite de projets dans de nombreux domaines, de l&#8217;architecture \u00e0 l&#8217;urbanisme, en passant par l&#8217;ing\u00e9nierie et le design.<\/p>\r\n<p>[\/vc_column_text][\/vc_column_inner][vc_column_inner width=&#8221;1\/2&#8243; css=&#8221;.vc_custom_1530552095266{padding-right: 6px !important;padding-left: 6px !important;}&#8221;][vc_single_image image=&#8221;4069&#8243; img_size=&#8221;full&#8221;][\/vc_column_inner][\/vc_row_inner][\/vc_column][\/vc_row][vc_row][vc_column][vc_column_text]<\/p>\r\n<!-- \/wp:shortcode -->\r\n<p>&nbsp;<\/p>\r\n<!-- wp:shortcode -->\r\n<p>[\/vc_column_text][\/vc_column][\/vc_row][vc_row full_width=&#8221;stretch_row&#8221;][vc_column css_animation=&#8221;fadeInLeftBig&#8221; css=&#8221;.vc_custom_1698345719555{padding-top: 39px !important;padding-bottom: 24px !important;}&#8221;][vc_row_inner css=&#8221;.vc_custom_1530552194144{margin-right: -6px !important;margin-left: -6px !important;}&#8221;][vc_column_inner width=&#8221;1\/2&#8243; css=&#8221;.vc_custom_1530552068359{padding-right: 6px !important;padding-left: 6px !important;}&#8221;]<div class=\" \">\r\n\t\r\n        <div class=\"mh-heading-wrapper\">\r\n            <h2            class=\"mh-heading  mh-heading--bottom-separator   \"\r\n            style=\"font-weight:700;\">\r\n\t\t\tPOUR TOUS VOS BESOINS, CONTACTEZ-NOUS !        <\/h2>\r\n\r\n\t\t            <div class=\"mh-subheading \"\r\n                 style=\"\">\r\n\t\t\t\tA votre \u00e9coute            <\/div>\r\n\t\t    <\/div>\r\n\r\n\t<\/div>[vc_column_text]<\/p>\r\n<p style=\"text-align: center;\">Nos charg\u00e9s de relation client\u00e8le sont \u00e0 votre \u00e9coute du lundi au vendredi de 08H \u00e0 17H<\/p>\r\n<p>[\/vc_column_text][\/vc_column_inner][vc_column_inner width=&#8221;1\/2&#8243; css=&#8221;.vc_custom_1530552095266{padding-right: 6px !important;padding-left: 6px !important;}&#8221;]\n<div class=\"wpcf7 no-js\" id=\"wpcf7-f1864-o1\" lang=\"en-US\" dir=\"ltr\">\n<div class=\"screen-reader-response\"><p role=\"status\" aria-live=\"polite\" aria-atomic=\"true\"><\/p> <ul><\/ul><\/div>\n<form action=\"\/immo\/wp-json\/wp\/v2\/pages\/4062#wpcf7-f1864-o1\" method=\"post\" class=\"wpcf7-form init\" aria-label=\"Contact form\" novalidate=\"novalidate\" data-status=\"init\">\n<div style=\"display: none;\">\n<input type=\"hidden\" name=\"_wpcf7\" value=\"1864\" \/>\n<input type=\"hidden\" name=\"_wpcf7_version\" value=\"5.8.2\" \/>\n<input type=\"hidden\" name=\"_wpcf7_locale\" value=\"en_US\" \/>\n<input type=\"hidden\" name=\"_wpcf7_unit_tag\" value=\"wpcf7-f1864-o1\" \/>\n<input type=\"hidden\" name=\"_wpcf7_container_post\" value=\"0\" \/>\n<input type=\"hidden\" name=\"_wpcf7_posted_data_hash\" value=\"\" \/>\n<\/div>\n<p><label><span class=\"wpcf7-form-control-wrap\" data-name=\"your-name\"><input size=\"40\" class=\"wpcf7-form-control wpcf7-text\" aria-invalid=\"false\" placeholder=\"Votre nom\" value=\"\" type=\"text\" name=\"your-name\" \/><\/span><\/label><label><span class=\"wpcf7-form-control-wrap\" data-name=\"your-phone\"><input size=\"40\" class=\"wpcf7-form-control wpcf7-tel wpcf7-text wpcf7-validates-as-tel\" aria-invalid=\"false\" placeholder=\"T\u00e9l\u00e9phone\" value=\"\" type=\"tel\" name=\"your-phone\" \/><\/span><\/label><label><span class=\"wpcf7-form-control-wrap\" data-name=\"your-email\"><input size=\"40\" class=\"wpcf7-form-control wpcf7-email wpcf7-validates-as-required wpcf7-text wpcf7-validates-as-email\" aria-required=\"true\" aria-invalid=\"false\" placeholder=\"Email\" value=\"\" type=\"email\" name=\"your-email\" \/><\/span><\/label><label><span class=\"wpcf7-form-control-wrap\" data-name=\"your-message\"><textarea cols=\"40\" rows=\"10\" class=\"wpcf7-form-control wpcf7-textarea\" aria-invalid=\"false\" placeholder=\"Votre message\" name=\"your-message\"><\/textarea><\/span><\/label><input class=\"wpcf7-form-control wpcf7-submit has-spinner\" type=\"submit\" value=\"Envoyer\" \/>\n<\/p><div class=\"wpcf7-response-output\" aria-hidden=\"true\"><\/div>\n<\/form>\n<\/div>\n[\/vc_column_inner][\/vc_row_inner][\/vc_column][\/vc_row][vc_column css=&#8221;.vc_custom_1494609678662{padding-top: 39px !important;padding-bottom: 24px !important;}&#8221;][\/vc_column]<\/p><\/section>","protected":false},"excerpt":{"rendered":"<p>[vc_row full_width=&#8221;stretch_row&#8221; css=&#8221;.vc_custom_1699211874357{background-color: #e5a648 !important;}&#8221;][vc_column css_animation=&#8221;fadeInLeftBig&#8221; css=&#8221;.vc_custom_1698345719555{padding-top: 39px !important;padding-bottom: 24px !important;}&#8221;][vc_row_inner css=&#8221;.vc_custom_1530552194144{margin-right: -6px !important;margin-left: -6px !important;}&#8221;][vc_column_inner width=&#8221;1\/2&#8243; css=&#8221;.vc_custom_1699212116655{padding-right: 6px !important;padding-left: 6px !important;background-position: center !important;background-repeat: no-repeat !important;background-size: cover !important;}&#8221;][vc_column_text] La conception et la planification sont deux \u00e9tapes cl\u00e9s dans le processus de d\u00e9veloppement de projets, qu&#8217;il s&#8217;agisse de construction, d&#8217;urbanisme, de design, ou d&#8217;autres domaines similaires. [&hellip;]<\/p>\n","protected":false},"author":1,"featured_media":0,"parent":0,"menu_order":0,"comment_status":"closed","ping_status":"closed","template":"","meta":{"footnotes":"","_joinchat":[]},"acf":[],"_links":{"self":[{"href":"https:\/\/lex-dd.com\/immo\/wp-json\/wp\/v2\/pages\/4062"}],"collection":[{"href":"https:\/\/lex-dd.com\/immo\/wp-json\/wp\/v2\/pages"}],"about":[{"href":"https:\/\/lex-dd.com\/immo\/wp-json\/wp\/v2\/types\/page"}],"author":[{"embeddable":true,"href":"https:\/\/lex-dd.com\/immo\/wp-json\/wp\/v2\/users\/1"}],"replies":[{"embeddable":true,"href":"https:\/\/lex-dd.com\/immo\/wp-json\/wp\/v2\/comments?post=4062"}],"version-history":[{"count":8,"href":"https:\/\/lex-dd.com\/immo\/wp-json\/wp\/v2\/pages\/4062\/revisions"}],"predecessor-version":[{"id":4234,"href":"https:\/\/lex-dd.com\/immo\/wp-json\/wp\/v2\/pages\/4062\/revisions\/4234"}],"wp:attachment":[{"href":"https:\/\/lex-dd.com\/immo\/wp-json\/wp\/v2\/media?parent=4062"}],"curies":[{"name":"wp","href":"https:\/\/api.w.org\/{rel}","templated":true}]}}