{"id":4055,"date":"2023-10-31T10:51:25","date_gmt":"2023-10-31T09:51:25","guid":{"rendered":"https:\/\/lex-dd.com\/wp\/immo\/?page_id=4055"},"modified":"2023-11-05T21:29:01","modified_gmt":"2023-11-05T20:29:01","slug":"renovation-remodelage","status":"publish","type":"page","link":"https:\/\/lex-dd.com\/immo\/renovation-remodelage\/","title":{"rendered":"RENOVATION &#038; REMODELAGE"},"content":{"rendered":"<section class=\"wpb-content-wrapper\"><p>[vc_row full_width=&#8221;stretch_row&#8221; css=&#8221;.vc_custom_1699211874357{background-color: #e5a648 !important;}&#8221;][vc_column css_animation=&#8221;fadeInLeftBig&#8221; css=&#8221;.vc_custom_1698345719555{padding-top: 39px !important;padding-bottom: 24px !important;}&#8221;][vc_row_inner css=&#8221;.vc_custom_1530552194144{margin-right: -6px !important;margin-left: -6px !important;}&#8221;][vc_column_inner width=&#8221;1\/2&#8243; css=&#8221;.vc_custom_1699212116655{padding-right: 6px !important;padding-left: 6px !important;background-position: center !important;background-repeat: no-repeat !important;background-size: cover !important;}&#8221;][vc_single_image image=&#8221;4060&#8243; img_size=&#8221;full&#8221;][\/vc_column_inner][vc_column_inner width=&#8221;1\/2&#8243; css=&#8221;.vc_custom_1530552095266{padding-right: 6px !important;padding-left: 6px !important;}&#8221;][vc_column_text]<\/p>\r\n<p>La r\u00e9novation et le remodelage sont deux processus distincts li\u00e9s \u00e0 la modification et \u00e0 l&#8217;am\u00e9lioration de b\u00e2timents existants. Voici ce que chaque terme signifie pour <strong>LEX &amp; DD<\/strong>:<\/p>\r\n<p><strong>1. **R\u00e9novation**<\/strong> : La r\u00e9novation consiste \u00e0 restaurer ou \u00e0 r\u00e9parer un b\u00e2timent existant pour le remettre en \u00e9tat ou pour l&#8217;am\u00e9liorer. Cela peut inclure des travaux tels que la r\u00e9paration de toitures, le remplacement de rev\u00eatements de sol, la r\u00e9novation de salles de bains ou de cuisines, la mise \u00e0 jour des syst\u00e8mes de plomberie et d&#8217;\u00e9lectricit\u00e9, etc. L&#8217;objectif principal de la r\u00e9novation est de maintenir ou d&#8217;am\u00e9liorer la fonctionnalit\u00e9 et l&#8217;apparence du b\u00e2timent sans n\u00e9cessairement changer radicalement sa structure.<\/p>\r\n<p><strong>2. **Remodelage**<\/strong> : Le remodelage implique des modifications plus substantielles de la structure d&#8217;un b\u00e2timent. Il peut s&#8217;agir de repenser compl\u00e8tement la disposition des pi\u00e8ces, d&#8217;ajouter des extensions, de retirer des murs porteurs, de changer l&#8217;utilisation d&#8217;un espace, etc. Le remodelage vise \u00e0 cr\u00e9er une nouvelle configuration ou un nouvel aspect du b\u00e2timent, souvent en r\u00e9pondant \u00e0 des besoins sp\u00e9cifiques du propri\u00e9taire ou en suivant des tendances architecturales. Cela peut \u00eatre une transformation plus significative par rapport \u00e0 la r\u00e9novation, qui se concentre davantage sur la r\u00e9paration et l&#8217;entretien.<\/p>\r\n<p>En r\u00e9sum\u00e9, la r\u00e9novation se concentre sur la restauration et l&#8217;am\u00e9lioration des \u00e9l\u00e9ments existants, tandis que le remodelage implique des changements plus importants dans la structure et la conception d&#8217;un b\u00e2timent. Les deux processus peuvent \u00eatre r\u00e9alis\u00e9s pour diverses raisons, notamment l&#8217;entretien, la modernisation, l&#8217;adaptation \u00e0 de nouveaux besoins, ou simplement pour am\u00e9liorer l&#8217;apparence et la fonctionnalit\u00e9 d&#8217;un espace existant.<\/p>\r\n<p>[\/vc_column_text][\/vc_column_inner][\/vc_row_inner][\/vc_column][\/vc_row][vc_row][vc_column][vc_column_text]<\/p>\r\n<!-- \/wp:shortcode -->\r\n<p>&nbsp;<\/p>\r\n<!-- wp:shortcode -->\r\n<p>[\/vc_column_text][\/vc_column][\/vc_row][vc_row full_width=&#8221;stretch_row&#8221;][vc_column css_animation=&#8221;fadeInLeftBig&#8221; css=&#8221;.vc_custom_1698345719555{padding-top: 39px !important;padding-bottom: 24px !important;}&#8221;][vc_row_inner css=&#8221;.vc_custom_1530552194144{margin-right: -6px !important;margin-left: -6px !important;}&#8221;][vc_column_inner width=&#8221;1\/2&#8243; css=&#8221;.vc_custom_1530552068359{padding-right: 6px !important;padding-left: 6px !important;}&#8221;]<div class=\" \">\r\n\t\r\n        <div class=\"mh-heading-wrapper\">\r\n            <h2            class=\"mh-heading  mh-heading--bottom-separator   \"\r\n            style=\"font-weight:700;\">\r\n\t\t\tPOUR TOUS VOS BESOINS, CONTACTEZ-NOUS !        <\/h2>\r\n\r\n\t\t            <div class=\"mh-subheading \"\r\n                 style=\"\">\r\n\t\t\t\tA votre \u00e9coute            <\/div>\r\n\t\t    <\/div>\r\n\r\n\t<\/div>[vc_column_text]<\/p>\r\n<p style=\"text-align: center;\">Nos charg\u00e9s de relation client\u00e8le sont \u00e0 votre \u00e9coute du lundi au vendredi de 08H \u00e0 17H<\/p>\r\n<p>[\/vc_column_text][\/vc_column_inner][vc_column_inner width=&#8221;1\/2&#8243; css=&#8221;.vc_custom_1530552095266{padding-right: 6px !important;padding-left: 6px !important;}&#8221;]\n<div class=\"wpcf7 no-js\" id=\"wpcf7-f1864-o1\" lang=\"en-US\" dir=\"ltr\">\n<div class=\"screen-reader-response\"><p role=\"status\" aria-live=\"polite\" aria-atomic=\"true\"><\/p> <ul><\/ul><\/div>\n<form action=\"\/immo\/wp-json\/wp\/v2\/pages\/4055#wpcf7-f1864-o1\" method=\"post\" class=\"wpcf7-form init\" aria-label=\"Contact form\" novalidate=\"novalidate\" data-status=\"init\">\n<div style=\"display: none;\">\n<input type=\"hidden\" name=\"_wpcf7\" value=\"1864\" \/>\n<input type=\"hidden\" name=\"_wpcf7_version\" value=\"5.8.2\" \/>\n<input type=\"hidden\" name=\"_wpcf7_locale\" value=\"en_US\" \/>\n<input type=\"hidden\" name=\"_wpcf7_unit_tag\" value=\"wpcf7-f1864-o1\" \/>\n<input type=\"hidden\" name=\"_wpcf7_container_post\" value=\"0\" \/>\n<input type=\"hidden\" name=\"_wpcf7_posted_data_hash\" value=\"\" \/>\n<\/div>\n<p><label><span class=\"wpcf7-form-control-wrap\" data-name=\"your-name\"><input size=\"40\" class=\"wpcf7-form-control wpcf7-text\" aria-invalid=\"false\" placeholder=\"Votre nom\" value=\"\" type=\"text\" name=\"your-name\" \/><\/span><\/label><label><span class=\"wpcf7-form-control-wrap\" data-name=\"your-phone\"><input size=\"40\" class=\"wpcf7-form-control wpcf7-tel wpcf7-text wpcf7-validates-as-tel\" aria-invalid=\"false\" placeholder=\"T\u00e9l\u00e9phone\" value=\"\" type=\"tel\" name=\"your-phone\" \/><\/span><\/label><label><span class=\"wpcf7-form-control-wrap\" data-name=\"your-email\"><input size=\"40\" class=\"wpcf7-form-control wpcf7-email wpcf7-validates-as-required wpcf7-text wpcf7-validates-as-email\" aria-required=\"true\" aria-invalid=\"false\" placeholder=\"Email\" value=\"\" type=\"email\" name=\"your-email\" \/><\/span><\/label><label><span class=\"wpcf7-form-control-wrap\" data-name=\"your-message\"><textarea cols=\"40\" rows=\"10\" class=\"wpcf7-form-control wpcf7-textarea\" aria-invalid=\"false\" placeholder=\"Votre message\" name=\"your-message\"><\/textarea><\/span><\/label><input class=\"wpcf7-form-control wpcf7-submit has-spinner\" type=\"submit\" value=\"Envoyer\" \/>\n<\/p><div class=\"wpcf7-response-output\" aria-hidden=\"true\"><\/div>\n<\/form>\n<\/div>\n[\/vc_column_inner][\/vc_row_inner][\/vc_column][\/vc_row][vc_column css=&#8221;.vc_custom_1494609678662{padding-top: 39px !important;padding-bottom: 24px !important;}&#8221;][\/vc_column]<\/p><\/section>","protected":false},"excerpt":{"rendered":"<p>[vc_row full_width=&#8221;stretch_row&#8221; css=&#8221;.vc_custom_1699211874357{background-color: #e5a648 !important;}&#8221;][vc_column css_animation=&#8221;fadeInLeftBig&#8221; css=&#8221;.vc_custom_1698345719555{padding-top: 39px !important;padding-bottom: 24px !important;}&#8221;][vc_row_inner css=&#8221;.vc_custom_1530552194144{margin-right: -6px !important;margin-left: -6px !important;}&#8221;][vc_column_inner width=&#8221;1\/2&#8243; css=&#8221;.vc_custom_1699212116655{padding-right: 6px !important;padding-left: 6px !important;background-position: center !important;background-repeat: no-repeat !important;background-size: cover !important;}&#8221;][vc_single_image image=&#8221;4060&#8243; img_size=&#8221;full&#8221;][\/vc_column_inner][vc_column_inner width=&#8221;1\/2&#8243; css=&#8221;.vc_custom_1530552095266{padding-right: 6px !important;padding-left: 6px !important;}&#8221;][vc_column_text] La r\u00e9novation et le remodelage sont deux processus distincts li\u00e9s \u00e0 la modification et \u00e0 l&#8217;am\u00e9lioration de b\u00e2timents existants. [&hellip;]<\/p>\n","protected":false},"author":1,"featured_media":0,"parent":0,"menu_order":0,"comment_status":"closed","ping_status":"closed","template":"","meta":{"footnotes":"","_joinchat":[]},"acf":[],"_links":{"self":[{"href":"https:\/\/lex-dd.com\/immo\/wp-json\/wp\/v2\/pages\/4055"}],"collection":[{"href":"https:\/\/lex-dd.com\/immo\/wp-json\/wp\/v2\/pages"}],"about":[{"href":"https:\/\/lex-dd.com\/immo\/wp-json\/wp\/v2\/types\/page"}],"author":[{"embeddable":true,"href":"https:\/\/lex-dd.com\/immo\/wp-json\/wp\/v2\/users\/1"}],"replies":[{"embeddable":true,"href":"https:\/\/lex-dd.com\/immo\/wp-json\/wp\/v2\/comments?post=4055"}],"version-history":[{"count":9,"href":"https:\/\/lex-dd.com\/immo\/wp-json\/wp\/v2\/pages\/4055\/revisions"}],"predecessor-version":[{"id":4233,"href":"https:\/\/lex-dd.com\/immo\/wp-json\/wp\/v2\/pages\/4055\/revisions\/4233"}],"wp:attachment":[{"href":"https:\/\/lex-dd.com\/immo\/wp-json\/wp\/v2\/media?parent=4055"}],"curies":[{"name":"wp","href":"https:\/\/api.w.org\/{rel}","templated":true}]}}